{"id":11612,"date":"2013-09-27T16:24:22","date_gmt":"2013-09-27T23:24:22","guid":{"rendered":"https:\/\/plg-pllc.com\/?p=11612"},"modified":"2024-11-28T21:05:34","modified_gmt":"2024-11-29T05:05:34","slug":"video-can-i-be-fired-for-taking-medical-leave","status":"publish","type":"page","link":"https:\/\/plg-pllc.com\/es\/videos\/video-can-i-be-fired-for-taking-medical-leave\/","title":{"rendered":"V\u00eddeo: \u00bfMe pueden despedir por tomar licencia m\u00e9dica?"},"content":{"rendered":"<p><iframe loading=\"lazy\" class=\"wistia_embed\" src=\"https:\/\/fast.wistia.net\/embed\/iframe\/jj75cketfl\" name=\"wistia_embed\" width=\"740\" height=\"416\" frameborder=\"0\" scrolling=\"no\" allowfullscreen=\"allowfullscreen\"><\/iframe><\/p>\n<p>Transcripci\u00f3n:<\/p>\n<p>No hay una respuesta sencilla para determinar si tiene derecho a una licencia m\u00e9dica. La ley es muy complicada en esta \u00e1rea. Seg\u00fan la Ley de Licencia M\u00e9dica Familiar, los empleadores con m\u00e1s de 50 empleados y si el empleado trabaj\u00f3 m\u00e1s de 1250 horas el a\u00f1o anterior, pueden tener derecho a una licencia m\u00e9dica de hasta 12 semanas.<\/p>\n<p>Sin embargo, incluso si el empleador no cumple con esos criterios, el empleado puede tener derecho a alg\u00fan tipo de licencia m\u00e9dica seg\u00fan las leyes de discapacidad. Debe consultar a un abogado y obtener su asesoramiento antes de proceder de una forma u otra. \u00bfTiene preguntas? Ll\u00e1menos al 206-285-1743.<\/p>","protected":false},"excerpt":{"rendered":"<p>Seg\u00fan la Ley de Licencia M\u00e9dica Familiar, los empleadores con m\u00e1s de 50 empleados y si el empleado trabaja m\u00e1s de 1250 horas el a\u00f1o anterior, pueden tener derecho a una licencia m\u00e9dica de hasta 12 semanas. <\/p>","protected":false},"author":2,"featured_media":0,"parent":720,"menu_order":0,"comment_status":"closed","ping_status":"closed","template":"","meta":{"_acf_changed":false,"_genesis_hide_title":false,"_genesis_hide_breadcrumbs":false,"_genesis_hide_singular_image":false,"_genesis_hide_footer_widgets":false,"_genesis_custom_body_class":"","_genesis_custom_post_class":"","_genesis_layout":"","footnotes":""},"hc_faqs":[],"class_list":{"0":"post-11612","1":"page","2":"type-page","3":"status-publish","5":"entry"},"acf":[],"yoast_head":"<!-- This site is optimized with the Yoast SEO plugin v27.4 - https:\/\/yoast.com\/product\/yoast-seo-wordpress\/ -->\n<title>Video: Can I be fired for taking medical leave?<\/title>\n<meta name=\"description\" content=\"Video: Can I be fired for taking medical leave?: Premier Law Group helps you unlock the full compensation you deserve. No Fee Unless We Win.\" \/>\n<meta name=\"robots\" content=\"index, follow, max-snippet:-1, max-image-preview:large, max-video-preview:-1\" \/>\n<link rel=\"canonical\" href=\"https:\/\/plg-pllc.com\/es\/videos\/video-can-i-be-fired-for-taking-medical-leave\/\" \/>\n<meta property=\"og:locale\" content=\"es_MX\" \/>\n<meta property=\"og:type\" content=\"article\" \/>\n<meta property=\"og:title\" content=\"Video: Can I be fired for taking medical leave?\" \/>\n<meta property=\"og:description\" content=\"Video: Can I be fired for taking medical leave?: Premier Law Group helps you unlock the full compensation you deserve. No Fee Unless We Win.\" \/>\n<meta property=\"og:url\" content=\"https:\/\/plg-pllc.com\/es\/videos\/video-can-i-be-fired-for-taking-medical-leave\/\" \/>\n<meta property=\"og:site_name\" content=\"Premier Law Group\" \/>\n<meta property=\"article:publisher\" content=\"https:\/\/www.facebook.com\/premierlawgroup\" \/>\n<meta property=\"article:modified_time\" content=\"2024-11-29T05:05:34+00:00\" \/>\n<meta name=\"twitter:card\" content=\"summary_large_image\" \/>\n<meta name=\"twitter:site\" content=\"@premierlawgroup\" \/>\n<meta name=\"twitter:label1\" content=\"Tiempo de lectura\" \/>\n\t<meta name=\"twitter:data1\" content=\"1 minuto\" \/>\n<script type=\"application\/ld+json\" class=\"yoast-schema-graph\">{\"@context\":\"https:\\\/\\\/schema.org\",\"@graph\":[{\"@type\":\"WebPage\",\"@id\":\"https:\\\/\\\/plg-pllc.com\\\/videos\\\/video-can-i-be-fired-for-taking-medical-leave\\\/\",\"url\":\"https:\\\/\\\/plg-pllc.com\\\/videos\\\/video-can-i-be-fired-for-taking-medical-leave\\\/\",\"name\":\"Video: Can I be fired for taking medical leave?\",\"isPartOf\":{\"@id\":\"https:\\\/\\\/plg-pllc.com\\\/#website\"},\"datePublished\":\"2013-09-27T23:24:22+00:00\",\"dateModified\":\"2024-11-29T05:05:34+00:00\",\"description\":\"Video: Can I be fired for taking medical leave?: Premier Law Group helps you unlock the full compensation you deserve. No Fee Unless We Win.\",\"breadcrumb\":{\"@id\":\"https:\\\/\\\/plg-pllc.com\\\/videos\\\/video-can-i-be-fired-for-taking-medical-leave\\\/#breadcrumb\"},\"inLanguage\":\"es\",\"potentialAction\":[{\"@type\":\"ReadAction\",\"target\":[\"https:\\\/\\\/plg-pllc.com\\\/videos\\\/video-can-i-be-fired-for-taking-medical-leave\\\/\"]}]},{\"@type\":\"BreadcrumbList\",\"@id\":\"https:\\\/\\\/plg-pllc.com\\\/videos\\\/video-can-i-be-fired-for-taking-medical-leave\\\/#breadcrumb\",\"itemListElement\":[{\"@type\":\"ListItem\",\"position\":1,\"name\":\"Home\",\"item\":\"https:\\\/\\\/plg-pllc.com\\\/es\\\/\"},{\"@type\":\"ListItem\",\"position\":2,\"name\":\"Videos\",\"item\":\"https:\\\/\\\/plg-pllc.com\\\/es\\\/videos\\\/\"},{\"@type\":\"ListItem\",\"position\":3,\"name\":\"Video: Can I be fired for taking medical leave?\"}]},{\"@type\":\"WebSite\",\"@id\":\"https:\\\/\\\/plg-pllc.com\\\/#website\",\"url\":\"https:\\\/\\\/plg-pllc.com\\\/\",\"name\":\"Premier Law Group\",\"description\":\"Washington Wrongful Death and Serious Injury Lawyer\",\"publisher\":{\"@id\":\"https:\\\/\\\/plg-pllc.com\\\/#organization\"},\"inLanguage\":\"es\"},{\"@type\":\"Organization\",\"@id\":\"https:\\\/\\\/plg-pllc.com\\\/#organization\",\"name\":\"Premier Law Group\",\"url\":\"https:\\\/\\\/plg-pllc.com\\\/\",\"logo\":{\"@type\":\"ImageObject\",\"inLanguage\":\"es\",\"@id\":\"https:\\\/\\\/plg-pllc.com\\\/#\\\/schema\\\/logo\\\/image\\\/\",\"url\":\"https:\\\/\\\/plg-pllc.com\\\/wp-content\\\/uploads\\\/2020\\\/10\\\/plg-logo-v2.gif\",\"contentUrl\":\"https:\\\/\\\/plg-pllc.com\\\/wp-content\\\/uploads\\\/2020\\\/10\\\/plg-logo-v2.gif\",\"width\":592,\"height\":191,\"caption\":\"Premier Law Group\"},\"image\":{\"@id\":\"https:\\\/\\\/plg-pllc.com\\\/#\\\/schema\\\/logo\\\/image\\\/\"},\"sameAs\":[\"https:\\\/\\\/www.facebook.com\\\/premierlawgroup\",\"https:\\\/\\\/x.com\\\/premierlawgroup\"]}]}<\/script>\n<!-- \/ Yoast SEO plugin. -->","yoast_head_json":{"title":"V\u00eddeo: \u00bfMe pueden despedir por tomar licencia m\u00e9dica?","description":"V\u00eddeo: \u00bfMe pueden despedir por tomarme una licencia m\u00e9dica?: Premier Law Group le ayuda a obtener la compensaci\u00f3n total que merece. Sin cargo a menos que ganemos.","robots":{"index":"index","follow":"follow","max-snippet":"max-snippet:-1","max-image-preview":"max-image-preview:large","max-video-preview":"max-video-preview:-1"},"canonical":"https:\/\/plg-pllc.com\/es\/videos\/video-can-i-be-fired-for-taking-medical-leave\/","og_locale":"es_MX","og_type":"article","og_title":"Video: Can I be fired for taking medical leave?","og_description":"Video: Can I be fired for taking medical leave?: Premier Law Group helps you unlock the full compensation you deserve. No Fee Unless We Win.","og_url":"https:\/\/plg-pllc.com\/es\/videos\/video-can-i-be-fired-for-taking-medical-leave\/","og_site_name":"Premier Law Group","article_publisher":"https:\/\/www.facebook.com\/premierlawgroup","article_modified_time":"2024-11-29T05:05:34+00:00","twitter_card":"summary_large_image","twitter_site":"@premierlawgroup","twitter_misc":{"Tiempo de lectura":"1 minuto"},"schema":{"@context":"https:\/\/schema.org","@graph":[{"@type":"WebPage","@id":"https:\/\/plg-pllc.com\/videos\/video-can-i-be-fired-for-taking-medical-leave\/","url":"https:\/\/plg-pllc.com\/videos\/video-can-i-be-fired-for-taking-medical-leave\/","name":"V\u00eddeo: \u00bfMe pueden despedir por tomar licencia m\u00e9dica?","isPartOf":{"@id":"https:\/\/plg-pllc.com\/#website"},"datePublished":"2013-09-27T23:24:22+00:00","dateModified":"2024-11-29T05:05:34+00:00","description":"V\u00eddeo: \u00bfMe pueden despedir por tomarme una licencia m\u00e9dica?: Premier Law Group le ayuda a obtener la compensaci\u00f3n total que merece. Sin cargo a menos que ganemos.","breadcrumb":{"@id":"https:\/\/plg-pllc.com\/videos\/video-can-i-be-fired-for-taking-medical-leave\/#breadcrumb"},"inLanguage":"es","potentialAction":[{"@type":"ReadAction","target":["https:\/\/plg-pllc.com\/videos\/video-can-i-be-fired-for-taking-medical-leave\/"]}]},{"@type":"BreadcrumbList","@id":"https:\/\/plg-pllc.com\/videos\/video-can-i-be-fired-for-taking-medical-leave\/#breadcrumb","itemListElement":[{"@type":"ListItem","position":1,"name":"Home","item":"https:\/\/plg-pllc.com\/es\/"},{"@type":"ListItem","position":2,"name":"Videos","item":"https:\/\/plg-pllc.com\/es\/videos\/"},{"@type":"ListItem","position":3,"name":"Video: Can I be fired for taking medical leave?"}]},{"@type":"WebSite","@id":"https:\/\/plg-pllc.com\/#website","url":"https:\/\/plg-pllc.com\/","name":"Grupo de abogados Premier","description":"Abogado de muerte por negligencia y lesiones graves en Washington","publisher":{"@id":"https:\/\/plg-pllc.com\/#organization"},"inLanguage":"es"},{"@type":"Organization","@id":"https:\/\/plg-pllc.com\/#organization","name":"Grupo de abogados Premier","url":"https:\/\/plg-pllc.com\/","logo":{"@type":"ImageObject","inLanguage":"es","@id":"https:\/\/plg-pllc.com\/#\/schema\/logo\/image\/","url":"https:\/\/plg-pllc.com\/wp-content\/uploads\/2020\/10\/plg-logo-v2.gif","contentUrl":"https:\/\/plg-pllc.com\/wp-content\/uploads\/2020\/10\/plg-logo-v2.gif","width":592,"height":191,"caption":"Premier Law Group"},"image":{"@id":"https:\/\/plg-pllc.com\/#\/schema\/logo\/image\/"},"sameAs":["https:\/\/www.facebook.com\/premierlawgroup","https:\/\/x.com\/premierlawgroup"]}]}},"_links":{"self":[{"href":"https:\/\/plg-pllc.com\/es\/wp-json\/wp\/v2\/pages\/11612","targetHints":{"allow":["GET"]}}],"collection":[{"href":"https:\/\/plg-pllc.com\/es\/wp-json\/wp\/v2\/pages"}],"about":[{"href":"https:\/\/plg-pllc.com\/es\/wp-json\/wp\/v2\/types\/page"}],"author":[{"embeddable":true,"href":"https:\/\/plg-pllc.com\/es\/wp-json\/wp\/v2\/users\/2"}],"replies":[{"embeddable":true,"href":"https:\/\/plg-pllc.com\/es\/wp-json\/wp\/v2\/comments?post=11612"}],"version-history":[{"count":0,"href":"https:\/\/plg-pllc.com\/es\/wp-json\/wp\/v2\/pages\/11612\/revisions"}],"up":[{"embeddable":true,"href":"https:\/\/plg-pllc.com\/es\/wp-json\/wp\/v2\/pages\/720"}],"wp:attachment":[{"href":"https:\/\/plg-pllc.com\/es\/wp-json\/wp\/v2\/media?parent=11612"}],"wp:term":[{"taxonomy":"hc_faqs","embeddable":true,"href":"https:\/\/plg-pllc.com\/es\/wp-json\/wp\/v2\/hc_faqs?post=11612"}],"curies":[{"name":"gracias","href":"https:\/\/api.w.org\/{rel}","templated":true}]}}

Vídeo: ¿Me pueden despedir por tomar licencia médica?

<p><iframe loading="lazy" class="wistia_embed" src="https://fast.wistia.net/embed/iframe/jj75cketfl" name="wistia_embed" width="740" height="416" frameborder="0" scrolling="no" allowfullscreen="allowfullscreen"></iframe></p>
<p>Transcripción:</p>
<p>No hay una respuesta sencilla para determinar si tiene derecho a una licencia médica. La ley es muy complicada en esta área. Según la Ley de Licencia Médica Familiar, los empleadores con más de 50 empleados y si el empleado trabajó más de 1250 horas el año anterior, pueden tener derecho a una licencia médica de hasta 12 semanas.</p>
<p>Sin embargo, incluso si el empleador no cumple con esos criterios, el empleado puede tener derecho a algún tipo de licencia médica según las leyes de discapacidad. Debe consultar a un abogado y obtener su asesoramiento antes de proceder de una forma u otra. ¿Tiene preguntas? Llámenos al 206-285-1743.</p>

<p>Según la Ley de Licencia Médica Familiar, los empleadores con más de 50 empleados y si el empleado trabaja más de 1250 horas el año anterior, pueden tener derecho a una licencia médica de hasta 12 semanas. </p>

Vídeo: ¿Me pueden despedir por tomarme una licencia médica?: Premier Law Group le ayuda a obtener la compensación total que merece. Sin cargo a menos que ganemos.
